5*v = -54*v + 216. What is the greatest common factor of w and v?
6
Let n = 18 + 42. Suppose 0 = 55*i - n*i + 35. Calculate the highest common factor of i and 56.
7
Let y be (-6)/(-4) + 369/6. Let w = 188 + -167. What is the greatest common factor of y and w?
21
Suppose -c - 42 = -b + 95, 0 = -b + 2*c + 134. Suppose 4*l + 28 - b = 0. Let z be 16/6*6/4. Calculate the highest common factor of z and l.
4
Let x = 2 - 5. Let z = x - -6. Let o(h) = 38*h + 71. Let w be o(-1). What is the highest common factor of z and w?
3
Let w = -15 - -23. Suppose -1469 = -w*s + 323. Calculate the highest common factor of s and 14.
14
Let t = 15 - 10. Suppose 0 = -t*s + a + 49, 23 = -5*s + 3*a + 80. Calculate the greatest common factor of 6 and s.
3
Let y be 45 + -1*(24 + -12). Calculate the greatest common divisor of 88 and y.
11
Let t = -25 + 17. Let o be 6*(1 - 1 - t). Let c(y) = 8*y. Let d be c(15). Calculate the greatest common divisor of d and o.
24
Let w be 0 + (5 - 4 - -2). Suppose 0 = 2*n - 4*s - 1 + w, -4*n - 3*s + 51 = 0. Suppose 0 = -4*f + 19 + n. What is the highest common divisor of 35 and f?
7
Let y(k) = -31 - 3*k - 2 + 5*k + 5*k. Let b be y(15). What is the highest common factor of b and 9?
9
Let y = 5 - 0. Suppose 3*s - 3*d = -s + 392, y*d = 0. Suppose -4*r + 2*r + 54 = 4*n, -25 = -2*n - 3*r. Calculate the greatest common factor of s and n.
14
Suppose -4*z = -177 - 303. Suppose -z = 3*v - 8*v. Let l be (-2)/8 - 1687/(-28). What is the highest common factor of v and l?
12
Let y be -5*(-5)/((-5)/(-6)). Let o = 65 - 44. Let l = -15 + o. What is the highest common divisor of l and y?
6
Suppose 506 - 26 = 12*c. What is the highest common divisor of c and 160?
40
Suppose t - 2*b = 2*t - 66, 4*t - 5*b = 329. Let k = 342 + -323. Calculate the greatest common divisor of t and k.
19
Suppose -7*s - 4 = -9*s. Let w be ((-1)/s)/(6/(-72)). What is the highest common divisor of w and 12?
6
Let w(l) be the first derivative of -16*l**3/3 + l**2/2 + 2*l - 6. Let m be w(-1). Let g be 138/4*(-10)/m. Calculate the highest common divisor of 161 and g.
23
Let f be ((-1)/3)/(1/(-6)). Suppose 0*b - f*b = -3*x + 8, -5 = -b. Let t(q) = -5*q - 6. Let g be t(-6). What is the highest common factor of g and x?
6
Let z be 51/15 - (-8)/(-20). Suppose 6 = 4*h + v, -z*v + 3 = 5*h - 1. Let k be h/(-13) + 392/13. What is the greatest common factor of 6 and k?
6
Let m = 331 + -309. Calculate the highest common factor of 143 and m.
11
Suppose 49*c = 32*c + 34. Calculate the highest common divisor of c and 46.
2
Let u(g) = -20 - 5*g - 18 + 35. Let z be u(2). Let t(f) = -f**2 - 14*f - 1. Let b be t(z). Calculate the highest common factor of 84 and b.
12
Suppose 32*t - 35*t = -45. What is the greatest common factor of 6 and t?
3
Let p be (3/2)/(9/6). Let u = 56 - 52. What is the highest common divisor of u and p?
1
Let i = 430 - 412. What is the greatest common divisor of 6 and i?
6
Suppose -4*b + 2452 = 4*o, 598 = -0*b + b - 2*o. What is the greatest common factor of b and 190?
38
Let c = 32 - -18. Let z = c + -45. Calculate the greatest common factor of z and 2.
1
Let i be 582/9*(3 - 0). Let l be i/8 - 2/8. Let n be (-20)/3*l/(-16). Calculate the highest common divisor of 10 and n.
10
Let j = -58 + 168. Let h = j + 136. Let v = h + -141. What is the highest common factor of 15 and v?
15
Suppose -28 - 484 = -2*j. What is the highest common factor of 4 and j?
4
Let c(r) = 4*r**2 - 12*r + 51. Let l be c(9). What is the greatest common divisor of l and 89?
89
Let x(f) be the first derivative of 4*f**3/3 - 27. Let s be x(-1). Calculate the highest common divisor of 3 and s.
1
Let y(k) = -k**3 - 5*k**2 + 11*k - 10. Let n be y(-7). Let g(r) = r**3 - 11*r**2 + 2*r - 10. Let q be g(n). What is the greatest common factor of 96 and q?
12
Let z(j) = -69 + 31 + j + 24. Let w be z(22). What is the greatest common factor of w and 104?
8
Let c(v) = v - 3. Let t be c(-1). Let k(j) = 2*j**2 + j - 5. Let f be k(t). Calculate the highest common factor of 184 and f.
23
Let g be ((-3)/(-2))/3*6. Let j be g - (0 - (-185)/(-5)). What is the greatest common divisor of j and 360?
40
Let s be (-87*3/(-18))/(6/12). What is the highest common factor of 377 and s?
29
Let q = -31 + 44. Let g be 2/6 + 1768/6. Let d = g + -152. What is the highest common divisor of q and d?
13
Let q = -152 - -178. What is the greatest common divisor of q and 91?
13
Suppose -354 = -2*z + m, -30 = -5*z - 4*m + 829. Let j be 7/((-112)/36)*-48. Let r = j - 73. What is the greatest common divisor of r and z?
35
Let w = -26 + 12. Let y be (w/(-8))/((-3)/(-12)). What is the greatest common divisor of 28 and y?
7
Let t(d) = -d**2 + 6*d - 3. Let i be t(4). Suppose -i*j = -48 - 37. Let o be 6*102*6/27. Calculate the greatest common factor of j and o.
17
Suppose 4*x = 6*x - 4. Let q(r) = -2*r**2 - 7*r + 6. Let c be q(7). Let w = 143 + c. What is the highest common divisor of x and w?
2
Let i be (-21*(-6)/(-18))/((-1)/5). What is the greatest common divisor of 35 and i?
35
Let j = 0 - -3. Suppose 7*z - 32*z = -825. What is the greatest common factor of j and z?
3
Suppose 0 = n - 0*n. Let y = -3 + n. Let u be 3 - (y + 0 + -78). Calculate the highest common factor of u and 12.
12
Let r(y) = y**2 - 9*y + 23. Let a be r(-12). What is the highest common divisor of a and 125?
25
Let p = 35 - 10. Suppose 5*z = 16*z. Suppose 4*u - 16 = 0, 2*o - 454 = -z*o - u. Calculate the highest common factor of p and o.
25
Let k = 595 - 287. What is the greatest common factor of 56 and k?
28
Suppose -y + 188 = -0*y. Let t = y - 113. Suppose 4*d - 135 = -5*a, 3*d - 102 = -6*a + 2*a. Calculate the greatest common factor of d and t.
15
Suppose -23*g - 356 = -25*g. Suppose g = 5*v + 5*l + 13, -v + l + 43 = 0. What is the highest common divisor of 95 and v?
19
Let r(t) = -t**3 - 20*t**2 + 36*t - 14. Let k be r(-22). Let o be 2/3 - 28/6. Let d be (-110)/(-6) - o/(-12). What is the highest common factor of d and k?
18
Let y(f) = 3*f**2 - 2*f - 7. Let s be y(-7). Suppose 2*v + 56 = 3*n, -3*v = 5 - 20. Calculate the highest common factor of n and s.
22
Let q = 99 - 73. Let i = -1 + 4. Suppose 2*m = -c + 5*c + q, -4*m = -i*c - 27. What is the greatest common divisor of 24 and m?
3
Let l be 75/20 - 1/(-4). Suppose 0*y - 96 = -l*y. Let q(u) = u**3 - 5*u**2 - 6*u + 4. Let v be q(6). Calculate the greatest common factor of v and y.
4
Let q = -429 + 443. What is the greatest common factor of 8 and q?
2
Let h(q) = q**3 + 2*q - 2*q - q + 6*q**2. Let n be h(-5). Calculate the highest common divisor of 20 and n.
10
Suppose 2*a - 310 = 62. Suppose 0*f = 3*f - a. Suppose 14 = -2*z + f. Calculate the highest common divisor of 264 and z.
24
Let w(v) = -17*v - 231. Let n be w(-21). What is the highest common factor of 98 and n?
14
Let f be 33 + -40 + 2 + 1. Let p be 13 - (f + 1*(8 + -3)). Let u be (8/(-6))/(2/(-45)). What is the greatest common divisor of p and u?
6
Let n be (-3343)/(-9) - (-44)/(-99). What is the highest common factor of n and 159?
53
Suppose 6*z = 6*z - 5*z. Suppose z = -7*f + 132 + 288. What is the greatest common factor of 12 and f?
12
Let y(c) = 27*c + 15. Let x(g) = 13*g + 8. Let j(v) = 5*x(v) - 2*y(v). Let o be j(10). Calculate the highest common factor of o and 24.
24
Let k(u) = -4*u**3 - 19*u**2 - 3*u - 12. Let a be k(-7). What is the greatest common factor of a and 6?
6
Let n(f) = -52*f - 4. Let l be n(-2). Suppose l = 5*u + 5*t, -3*t - 65 = -3*u - t. Calculate the highest common divisor of 14 and u.
7
Suppose -30 = -5*r + 12*o - 10*o, 3*o = -5*r + 5. Suppose -n + 179 = -2*x, -706 = -4*n - x + r*x. What is the greatest common divisor of n and 70?
35
Let h be -1 + 1 - 12/(-2). Suppose 70*a = 58*a + 144. What is the highest common factor of a and h?
6
Let l be (4/(-8) + 0)*0. Suppose l = 8*v - 4*v - 416. Suppose 3*y - 9 = t + 73, 4*y + 4*t = v. What is the greatest common divisor of y and 3?
3
Suppose j - 15 = -2*j, -3*s = -5*j - 905. Calculate the greatest common factor of s and 10.
10
Let b(c) = -72*c - 656. Let g be b(-12). What is the highest common divisor of g and 234?
26
Let n be ((-2)/((-24)/46))/(37/222). Let c be 44 - (-5)/(-10)*-4. Calculate the highest common divisor of n and c.
23
Let t be (22/77 - (20 - 0))*-84. What is the highest common factor of 